when l(4) is divided by a(-6)?
12
Let w(d) = 10*d - 30. Calculate the remainder when 77 is divided by w(4).
7
Let o = 19 + -11. Calculate the remainder when 38 is divided by o.
6
Let g(q) = q**3 + 7*q**2 + 4*q - 5. Let o = -8 - -2. Calculate the remainder when g(o) is divided by 3.
1
Let s(q) = 2*q**2 - q - 5. Calculate the remainder when 45 is divided by s(-3).
13
Suppose -3*s - 10 = -2*u, 2*s = -5*u + 3*s + 38. Let k = u + 69. Calculate the remainder when k is divided by 26.
25
What is the remainder when 23 is divided by 2*((-15)/2)/(-5)?
2
Let w(u) = u**2 - u - 2. Let y = -5 + 7. Calculate the remainder when w(3) is divided by y.
0
Let r be (39/(-3))/((-2)/6). Let n = 64 - r. Calculate the remainder when n is divided by 13.
12
Suppose -p + 117 = -5*b + b, p - 5*b = 121. Calculate the remainder when p is divided by 35.
31
Let r = -62 + 99. Suppose -5*d + 73 = -c, -d - 4*c - r = -4*d. Calculate the remainder when d is divided by 9.
6
Let f(i) be the first derivative of -5*i**2/2 - 8*i - 2. Let v(s) = -5*s + 1. Calculate the remainder when f(-6) is divided by v(-1).
4
Let h = 1 + 3. Suppose 0*i = -h*i + 68. What is the remainder when 28/(-8)*(-264)/14 is divided by i?
15
Let k(n) = -9*n + 10. Suppose 8*y - 7*y + 6 = 0. What is the remainder when k(y) is divided by 22?
20
Suppose 2*l = 4*g + 96, 91 + 71 = 4*l + 2*g. Calculate the remainder when 125 is divided by l.
41
Suppose 0 = 2*q + 8, p + 2*q = 28 + 129. Suppose 3*n = b + 2*b + p, -2*n = 5*b - 145. Suppose -k - n = -6*k. What is the remainder when 22 is divided by k?
10
Suppose 3*q - 21 = -4*y, -y + 26 = -4*q - 3. What is the remainder when 26 is divided by y?
8
Let j(k) = k**3 - 18*k**2 - k + 31. What is the remainder when j(18) is divided by 5?
3
Let g be ((-6)/(-4))/(3/6). Suppose -5*d + d = -8. Suppose -o - g*z + 16 = 0, -z = d*z - 3. Calculate the remainder when 37 is divided by o.
11
What is the remainder when (3 - -2)/(-3 - 44/(-14)) is divided by 18?
17
Suppose 9*f + 1265 = 5*a + 7*f, 25 = -5*f. What is the remainder when a is divided by 23?
21
Let j = 10 - 30. Calculate the remainder when (-1 - 10)/(4/j) is divided by 19.
17
Suppose -m - 78 = -4*m. Suppose z - 2 - 5 = 0. Calculate the remainder when m is divided by z.
5
Suppose -21*c = -20*c - 10. Let i(u) = 2*u**2 - u - 2. Calculate the remainder when c is divided by i(2).
2
Let c = 25 + 15. Suppose -5*m + 24 = -1. Suppose 0 = 4*f - 4*a - 64, m*a - 17 = -3*f + 15. What is the remainder when c is divided by f?
12
Let m = 3 - -5. Suppose 0 = o - m + 5. What is the remainder when 4 is divided by o?
1
Let g = 69 + -46. Suppose 0*f - 2*f = -12. Calculate the remainder when g is divided by f.
5
Let p(z) = 3*z**2 - z - 4. Let d be (-4)/(-14) + 150/14. Let y = 25 - d. Calculate the remainder when p(-3) is divided by y.
12
Let y(c) = c**2 - 2*c + 1. Let j(f) = -3*f + 2. Let o(a) = -2*j(a) + 3*y(a). What is the remainder when 31 is divided by o(2)?
9
Calculate the remainder when (-32)/(-4)*(-2)/(-1) is divided by 9.
7
Let v(z) = 3*z**2 - 2*z + 1. What is the remainder when v(-3) is divided by 12?
10
Let j(b) = b**2 - 2. Let n be j(-3). Let s = 9 - n. Suppose -3*m + 80 + 106 = s*q, m - q = 67. Calculate the remainder when m is divided by 22.
20
Let s(q) = q + 1. Let r be s(5). Let x = 61 + -58. What is the remainder when x is divided by (-2)/(-6) + 10/r?
1
Let n be -2 + 0/(-1) + 1. Let p be (-1)/(n + 54/53). Let o = -36 - p. What is the remainder when o is divided by 6?
5
Let a(j) = 5*j**2 + 4*j + 1. Let z be (-10)/(-10) + (-3)/(-1). Calculate the remainder when a(-3) is divided by (-3)/z + 390/40.
7
Let u be 3 + (-12)/2 + 2. What is the remainder when 2 is divided by (-7)/(-3) - u/(-3)?
0
Calculate the remainder when -3 - (4 - 5) - -52 is divided by 13.
11
Suppose -2*c + 23 = 5. Suppose -4*u - 5*j - 80 = 0, u + j = -c - 11. What is the remainder when 46 is divided by 12/5*u/(-3)?
14
Suppose -4*q + 36 = 5*v, q = -q + 4*v + 44. What is the remainder when 55 is divided by q?
13
Let y be (-1638)/(-24) + 2/(-8). Suppose -y = -2*c - 3*f, 3*c - 2*f = f + 102. Calculate the remainder when c is divided by 9.
7
Let h be 8/32 - (-35)/4. Let l be (-12)/54 - (-101)/h. Suppose -l = 3*n - 50. Calculate the remainder when 37 is divided by n.
11
Let q = -26 + 52. Let z = 43 + -29. What is the remainder when q is divided by z?
12
Suppose 3*q = -2*q + 125. What is the remainder when 48 is divided by q?
23
Let y = 22 + -14. What is the remainder when 22 is divided by y?
6
Suppose j + 50 = 11*j. What is the remainder when 17 is divided by j?
2
Calculate the remainder when 28 - (-5)/(10/(-4)) is divided by (-4)/((-36)/21)*6.
12
Let l be -2 + (-4)/(-2) - -7. Suppose -r + 2 + l = 0. Calculate the remainder when 17 is divided by r.
8
Suppose -4*i = 4*g - 1048, 2*i = 5*g - 3*g - 536. Suppose 0*d = 5*d - g. Let v = d + -38. What is the remainder when 43 is divided by v?
13
Let u = -12 + 16. Let c be 100/3 - (-3)/(-9). Suppose -3*f + d = -0*f - c, f - d - 11 = 0. What is the remainder when f is divided by u?
3
Let k = -6 + 15. Calculate the remainder when 35 is divided by k.
8
Let n(l) = l**3 + 4*l**2 - 8*l - 4. What is the remainder when n(-5) is divided by 4?
3
Let f = -11 - -16. Suppose -7*k + 36 = -4*k. Calculate the remainder when f is divided by 28/k - 2/(-3).
2
Let d = 28 - 17. What is the remainder when -1*2/((-4)/42) is divided by d?
10
Let b = -6 + 8. Let s(z) = -8*z**2 + 3*z**3 + 4*z**b - z + 2*z**3 + 3*z + 2. What is the remainder when s(2) is divided by 11?
8
Suppose 53 = 6*x - 5*x. Suppose -80 = -4*c - n + x, 5*c = n + 164. Let o(t) = t**2 + 8*t + 8. Calculate the remainder when c is divided by o(-9).
16
Let w(n) = 6*n**2 - 3*n - 2. Let g be 0 - 2/(-4)*-4. Calculate the remainder when w(g) is divided by 10.
8
Let y = -4 - -9. Suppose -3*k = 3*h - 24, -y*k - 2 = -7. What is the remainder when (-2)/(-9) + (-530)/(-45) is divided by h?
5
Let j be 16 + 3 + -5 + 4. Suppose 11 = 2*o - 5. Let u = j - o. What is the remainder when 29 is divided by u?
9
Let q be -14*(10/4 + -2). Let p = q - -23. Let h = 62 - 32. What is the remainder when h is divided by p?
14
Let j(g) = 0*g**2 + 2*g**2 - 10*g - 3*g**2 + 0*g. What is the remainder when 74 is divided by j(-5)?
24
Let m(k) = k**3 - 2*k**2 - 5*k - 2. Let p be m(4). Suppose 0*x - p = -x. Let v = -29 - -48. What is the remainder when v is divided by x?
9
Suppose -130 = -5*h + 70. Suppose -7*s + h = -3*s. What is the remainder when s is divided by 6?
4
Suppose 2*o - 1 = -g + 13, -3*o + g = -21. Suppose 0 = b - 20 - o. What is the remainder when b is divided by 7?
6
What is the remainder when (-56)/(-6)*6/4 is divided by 5?
4
Let c(u) = 3*u**2 - 4*u + 3. What is the remainder when 53 is divided by c(3)?
17
Let p = 17 + 2. What is the remainder when p is divided by 11?
8
Suppose -c - 2*c = -129. Suppose -7*b - 22 = -9*b. What is the remainder when c is divided by b?
10
Suppose -4*i + 4*f + 60 = -0*f, -i + 4*f = -24. Suppose 0 = -3*t + 5*p - 0*p, t + 4*p + 17 = 0. What is the remainder when 2/(-5) - 117/t is divided by i?
11
Let w = 7 - -27. What is the remainder when 66 is divided by w?
32
Suppose 2*g + 3 = -7. Let h = g + 12. Calculate the remainder when 13 is divided by h.
6
Let n = -2 + 5. Let g be 1*(n + -6) - -7. Suppose 0 = 4*c - 52 + g. Calculate the remainder when 47 is divided by c.
11
Let t(h) = -h**3 + 6*h**2 + 12*h - 10. Calculate the remainder when t(6) is divided by 21.
20
Suppose 0 = 4*u - u. Suppose c - 2*c + h + 17 = u, 5*h = -5*c + 75. Calculate the remainder when 30 is divided by c.
14
Suppose 41 = q + 4*n, q - n = 6*q - 262. Suppose -4*r - 8 = 0, -3*w = -3*r + 9 + 3. Let o = 20 + w. What is the remainder when q is divided by o?
11
Let x(p) = p**3 + 2*p**2 + p. Let w be x(-2). Suppose h + 2*u = 23, 7*u - 77 = -4*h + 2*u. Calculate the remainder when (-37)/(-3 - w/1) is divided by h.
11
Let q(z) = 4*z**3 - z**3 - 9 - 4*z - 2*z**3 + 8*z**2 - 7*z. Let u be -6*(-1)/4*-6. Calculate the remainder when 16 is divided by q(u).
7
Let v(j) = j**2 + 2*j + 3. Let b be (-1 - 1)*(-14 - -16). Calculate the remainder when 31 is divided by v(b).
9
Let q = -7 - -21. Suppose -4*c = m + 35 - 136, -4*c - 5*m + 89 = 0. Calculate the remainder when c is divided by q.
12
Let p(m) = 2*m - 4*m - 6*m**3 + 2*m**2 + 3*m. Let u